-1851. Let q(l) = -l**3 - 6*l**2 + 3*l - 9. What is the remainder when r is divided by q(-7)?
18
Let i = 10 + -22. Let l = 7114 - 7036. What is the remainder when l is divided by 24/(-5)*40/i?
14
Let a be ((-2)/3)/((-22)/4356*-22). Let b(d) = 2*d + 10*d - 2*d + 11*d**2 + d**3 - 2. What is the remainder when b(a) is divided by 17?
16
Suppose 89*d + 4*c = 92*d - 368, 5*d + 4*c = 560. What is the remainder when d is divided by 21?
11
Suppose 13*m - 462 - 229 = 375. Suppose 0 = 4*k - 5*k + 25. What is the remainder when m is divided by k?
7
Suppose -1474*l - 2262 = -1487*l. What is the remainder when l is divided by (0 + -44)/((-3)/3)?
42
Let l(u) = 12*u + 2. Calculate the remainder when l(5) is divided by -3*(-30)/(-18)*(-4)/(-3)*-3.
2
Calculate the remainder when 65 is divided by ((-804)/140)/((-54)/126) + (-3)/(-5).
9
Suppose 8873 - 1606 = 119*k - 4276. Calculate the remainder when k is divided by 75.
22
Let y(o) = 24 + 16*o**2 - 34*o**2 + 19*o + 19*o**2 - 5. What is the remainder when (-4)/(-6) + 20/6 is divided by y(-1)?
0
Let k(q) = q**2 + 31*q - 334. Suppose 4*b + 2*m - 2597 + 437 = 0, b = -3*m + 530. Calculate the remainder when b is divided by k(-40).
22
Suppose -2*q - 206 = -2*b, 0*b + 3*q - 339 = -3*b. Let a = -39 - -169. Suppose a + 13 = 13*o. What is the remainder when b is divided by o?
9
Suppose 188*d - 3 = 185*d. Let g(n) = -3*n + 17. Calculate the remainder when 55 is divided by g(d).
13
Let h be 75/6*(-16)/(-10). Let s be (h/(-6))/(1 + 33/(-27)). Calculate the remainder when (348/s - 4)*5 is divided by 33.
30
Suppose 4*i = -4*p - 311 - 117, -4*p + 580 = -5*i. Let k = -11 - i. What is the remainder when k is divided by 28?
17
Suppose -9*d = -3*h - 99096, 0 = -4*d - h - 3*h + 44000. Calculate the remainder when d is divided by 15.
13
Let d = -2912 - -2969. Calculate the remainder when 147 is divided by d.
33
Suppose 0 = -20*h - 56446 + 151586. Calculate the remainder when h is divided by 136.
133
What is the remainder when 391 is divided by 261/15 + 1 + (-458)/1145?
13
Suppose -220*g + 213*g = -21. Suppose -3*k + 129 = 2*q, -3*q - 4*k = -147 - 49. What is the remainder when q is divided by (-30)/(g - (-1 - (-33)/6))?
12
What is the remainder when 224 is divided by 4 + (-168)/44 + (3756/(-33))/(-1)?
110
Suppose 2*w - 14 = y + y, 0 = 2*w + 3*y - 9. Let p = -1153 - -1167. What is the remainder when p is divided by w?
2
Suppose -1470 = 54*m - 59*m. Let z = -226 + m. What is the remainder when z is divided by 10?
8
Let c(n) = -74*n + 142. Let y be c(-5). Calculate the remainder when 44 is divided by y/24 - 5/(-3).
21
Suppose 4*c = -1209 - 167. Let w = c - -369. What is the remainder when 422 is divided by w?
22
Let v = 8 - 8. Suppose 8 - 37 = -5*p - 2*y, -4*y = p - 13. Suppose v = -3*r + p + 7. Calculate the remainder when 5 is divided by r.
1
Let k = 275877 + -275566. What is the remainder when k is divided by -8*(1/2 - 2)?
11
Let w(h) = h**2 - 7*h - 21. Let f be w(11). Suppose 11 - f = -k. Calculate the remainder when k is divided by 6.
0
Suppose 12*o = 5*o - 3115. Let t = 461 + o. Calculate the remainder when t is divided by 1*20/(1 + 1).
6
Suppose -3529 = -2*g - 447. Calculate the remainder when g is divided by 260.
241
Let b(s) = -16 - s - 13 + s**2 + 1. Let u be b(6). Suppose u*k = 5 + 21. Calculate the remainder when 89 is divided by k.
11
Let l be (-1*6)/((-81)/(-243)). Let i(s) = 2*s**2 + 36*s + 166. Let m = -43 + 99. What is the remainder when i(l) is divided by m?
54
Suppose 10*a = 5*w + 13*a - 483, -w + 5*a + 119 = 0. What is the remainder when 294 is divided by w/12 + (-3)/(17 - 5)?
6
Let j(h) = -h**2 + 7*h - 3. Let n be 60/16 + 1/4. Suppose -b + 98 = 5*i, 0*b - 635 = -5*b + n*i. What is the remainder when b is divided by j(4)?
6
Suppose 0 = 66*a - 204*a + 18970 + 22154. Calculate the remainder when a is divided by 28.
18
Suppose 15 = z + 3*x, 2*z - z = -5*x + 5. Let t(h) = -2*h**2 + 15*h - 17. Let p be t(7). What is the remainder when (-851)/p + (-1)/10 is divided by z?
25
Let l = 2457 + -2353. What is the remainder when 153 is divided by l?
49
Let u(f) = -17*f - 86. Let p be 80/(-140) + 45/(-7). What is the remainder when 525 is divided by u(p)?
30
Suppose 702 = -8*d + 2350. Suppose 17*q = 15*q + d. What is the remainder when q is divided by 15?
13
Let r(s) = -s**3 + s**2 + 7*s. Let v be r(3). Suppose 4*b + 49 = v*d, 0 = 4*d - 5*b + b - 72. Let l = 38 - d. Calculate the remainder when 59 is divided by l.
14
Let b be (-6)/(-9)*(1 + 2). Let a(l) = 17*l**2 + l + 3. Let h be a(b). Let s = -66 + h. What is the remainder when s is divided by 2?
1
What is the remainder when 927 is divided by 2/(2/233) + -41 + -30 + 69?
3
Suppose -80 = 7*x + 3*x. Let s(f) = -45*f**2 - 361*f + 7. Calculate the remainder when 53 is divided by s(x).
8
Let a be (-5)/400*-8 + 118/20. What is the remainder when 73 + (0 - 2) + -1 is divided by 76/a*(-33)/(-22)?
13
Suppose 0 = t + 2*q - q - 337, 0 = 3*t + 4*q - 1014. Let f = 905 - 820. What is the remainder when t is divided by f?
79
Let j(t) = -5*t**3 - t**2 - t - 9. Let m(s) = 4*s**3 + s**2 + 2*s + 9. Let g(z) = 6*j(z) + 7*m(z). Calculate the remainder when g(-6) is divided by 16.
13
What is the remainder when (274 - -1) + -5 + (-221)/(-13) is divided by 282?
5
Suppose -5*q = 20, 2*q = -2*h + 5*h - 176. Suppose -11*l + 91*l + 4160 = 0. Let d = h + l. Calculate the remainder when 16 is divided by d.
0
Let p(x) = -3*x**3 + 65*x**2 - 22*x - 3. Calculate the remainder when p(20) is divided by 13.
10
Suppose 2*n - a + 2038 = -n, -1362 = 2*n - 4*a. Let w = 714 + n. What is the remainder when 139 is divided by w?
34
What is the remainder when 2248 is divided by 24*(1 + (-70)/30)*(-1)/2?
8
Let o = -808 + -430. Let f be o/16 - (-9)/24. Let g = f - -107. Calculate the remainder when g is divided by 19.
11
Let f(s) = -s**3 + s**2 + 3*s - 3. Let m be f(-3). Suppose -48*h + 70 = -46*h - b, -16 = 4*b. Suppose h = t - m. What is the remainder when t is divided by 15?
12
Suppose -y + w - 10 = 0, -5*y - 36 = 3*w + 54. What is the remainder when 354 is divided by (138/y + -1)/((-1)/5)?
48
Calculate the remainder when (9 - 8)/(38467/(-32110) - 12/(-10)) is divided by 142.
68
Let n = -181 - -184. Suppose 222 + 37 = 4*s - n*i, 2*s - 4*i = 122. Calculate the remainder when s is divided by 14.
11
Let a = 375 - 296. Suppose 3*b = a + 2. What is the remainder when 160 is divided by b?
25
Calculate the remainder when (37 - 168)/(-1 - (-2)/(-6) - -1) is divided by (-92)/(-5) - (-4)/(-10).
15
Let t(s) = -s**3 + 4*s**2 + 4*s + 9. Let x be t(5). Suppose x*i = i + 78. Suppose 56 = -22*b + i*b. What is the remainder when 54 is divided by b?
12
Suppose 56 + 46 = 17*m. Let b(w) = 34*w - 71. Calculate the remainder when b(m) is divided by 51.
31
Suppose 0 = q + 2*q - 48. What is the remainder when q is divided by ((-140)/(-84))/(0 - 1/(-6))?
6
Let j(y) = 145*y**2 + 424*y + 1282. Calculate the remainder when j(-3) is divided by 12.
7
Let b(i) = 2*i**3 + 22*i**2 + 22*i - 31. Suppose 2*h + 5*t - 28 = -2*h, 0 = -4*h + t + 52. Calculate the remainder when b(-9) is divided by h.
11
Let q(b) = -62*b + 3060. What is the remainder when 1675 is divided by q(48)?
79
Calculate the remainder when 123 is divided by ((-54)/36)/(-3 - (-85)/30).
6
Let m = -12 - -24. Suppose 3*i + 4*s = 436, 5*i - 31*s - 704 = -32*s. Calculate the remainder when i is divided by m.
8
Let d(t) = t**2 + 28*t + 1433. What is the remainder when 1438 is divided by d(0)?
5
Let q(s) = 152*s - 9247. What is the remainder when 121 is divided by q(61)?
21
Let n = 40050 + -37832. What is the remainder when n is divided by 44?
18
Suppose 2*s + 8*q - 6*q + 452 = 0, 5*s - 2*q + 1151 = 0. Let g = s + 239. What is the remainder when 19 is divided by g?
9
Suppose -5*c + 140 = j, 2*j = -3*c - 552 + 797. Calculate the remainder when 8393 is divided by j.
113
Let k = -297 + 154. Let l(n) = 3*n**2 - 4*n + 1. What is the remainder when (-16)/(-40) + k/(-5) is divided by l(3)?
13
Suppose 58*q - 222335 = -116*q + 152461. Calculate the remainder when q is divided by 155.
139
Suppose 0 = 9*p - 20 - 25. Suppose p*l + 3*q - 3 = -5, -3*l - 10 = 4*q. What is the remainder when l/(-6) - 7/(63/(-552)) is divided by 32?
29
Let w be 2*(-1929)/(-42) - 13/(-91). Suppose -2*u + 4*v + w = 0, -17*u - 2*v 